{"id":572,"date":"2015-06-30T10:14:21","date_gmt":"2015-06-30T10:14:21","guid":{"rendered":"http:\/\/healthbionic.de\/?page_id=572"},"modified":"2015-08-27T11:11:37","modified_gmt":"2015-08-27T09:11:37","slug":"regulat-und-beeionic","status":"publish","type":"page","link":"https:\/\/healthbionic.de\/?page_id=572","title":{"rendered":"Dr. Niedermaier Pharma und beeionic e.V."},"content":{"rendered":"<p>F\u00fcr unsere nachstehend beschriebenen Projekte haben wir in der Firma &#8222;<strong>Dr. Niedermaier Pharma GmbH&#8220; <\/strong>aus Hohenbrunn einen in jeder Hinsicht kompetenten &#8222;Mitstreiter&#8220; und Partner gefunden.<\/p>\n<p>In Zusammenarbeit mit Dr.rer.nat. Cordula Niedermaier-May, der gesch\u00e4ftsf\u00fchrenden Gesellschafterin von Dr. Niedermaier Pharma GmbH,\u00a0 und beeionic e. V. wurden Forschungsprojekte und Produktentwicklungen auf den Weg gebracht.<\/p>\n<p>Ein wichtiges Thema f\u00fcr die Bienen wie auch f\u00fcr uns Menschen ist das Immunsystem. Der Ansatz des Rechtsregulat\u00aeBio &#8211; beeionic Projektes ist,\u00a0 den Bienen eine Mischung aus Wasser und Rechtsregulat\u00aeBio im Bienenstock als Trinkquelle anzubieten. Hier werden zwei Ziele verfolgt, zum einen das Immunsytem der Bienen zu st\u00e4rken und zum anderen Spuren von Rechtsregulat\u00aeBio im eingelagerten Honig wieder zu finden.<\/p>\n<p>Die Ergebniskontrolle von Ziel 1 wird im ersten Schritt \u00fcber den Sichtbefund der Bienen im Volk und der generellen St\u00e4rke des gesamten Volkes ermittelt. Sollten hier Erfolge erkennbar sein, w\u00fcrden wir versuchen,\u00a0 mit dem Bienenforscher Prof. J\u00fcrgen Tautz von der Beegroup an der Uni W\u00fcrzburg die Wissenschaft an den Tisch zu holen und um weitere Begleitung und Ausarbeitung des Projektes zu bitten. Beim zweiten Ziel kann uns das Labor von Dr. Niedermaier Pharma helfen und den gewonnenen Honig nach Rechtsregulat\u00aeBio-Spuren untersuchen.<\/p>\n<p>Bei den Produktentwicklungen bearbeiten wir gerade einen vollkommen nat\u00fcrlichen Energydrink\u00a0. Eine spezielle Rezeptur mit Rechtsregulat\u00aeBio, Bienenprodukten und einem besonderen Wasser soll die allgemeine Leistungskraft ohne die \u00fcblichen Aufputschmittel auf vollkommen nat\u00fcrliche Art und Weise deutlich erh\u00f6hen. Das zweite Produkt ist eine spezielle Honigzubereitung aus Rechtsregulat\u00aeBio, Bienenprodukten und pflanzlichen Stoffen. Dies soll das neue einheimische Super Food werden. beeionic e. V. freut sich, mit Frau Dr. rer.nat. Cordula Niedermaier-May einen neugierigen und experimentierfreudigen Partner gefunden zu haben, dem das Wohl der Bienen am Herzen liegt. Dies dr\u00fcckt sich auch in einer \u00fcbernommenen Bienenpatenschaft und im Sponsern einer Bienensauna zur nat\u00fcrlichen Varroamilben-Behandlung mit Hyperthermie aus.<\/p>\n<p>Sie m\u00f6chten sich informieren, dann hier weitere n\u00fctzliche Links: \u00a0 <strong><a href=\"http:\/\/www.regulat.com\" target=\"_blank\">Gesundheit<\/a><\/strong> und\u00a0 <strong><a href=\"http:\/\/www.regulat-beauty.com\" target=\"_blank\">Sch\u00f6nheit.<\/a><\/strong><\/p>\n","protected":false},"excerpt":{"rendered":"<p>F\u00fcr unsere nachstehend beschriebenen Projekte haben wir in der Firma &#8222;Dr. Niedermaier Pharma GmbH&#8220; aus Hohenbrunn einen in jeder Hinsicht kompetenten &#8222;Mitstreiter&#8220; und Partner gefunden. In Zusammenarbeit mit Dr.rer.nat. Cordula Niedermaier-May, der gesch\u00e4ftsf\u00fchrenden Gesellschafterin von Dr. Niedermaier Pharma GmbH,\u00a0 und beeionic e. V. wurden Forschungsprojekte und Produktentwicklungen auf den Weg gebracht. Ein wichtiges Thema f\u00fcr [&hellip;]<\/p>\n","protected":false},"author":1,"featured_media":0,"parent":0,"menu_order":0,"comment_status":"closed","ping_status":"closed","template":"","meta":{"footnotes":""},"class_list":["post-572","page","type-page","status-publish","hentry"],"_links":{"self":[{"href":"https:\/\/healthbionic.de\/index.php?rest_route=\/wp\/v2\/pages\/572","targetHints":{"allow":["GET"]}}],"collection":[{"href":"https:\/\/healthbionic.de\/index.php?rest_route=\/wp\/v2\/pages"}],"about":[{"href":"https:\/\/healthbionic.de\/index.php?rest_route=\/wp\/v2\/types\/page"}],"author":[{"embeddable":true,"href":"https:\/\/healthbionic.de\/index.php?rest_route=\/wp\/v2\/users\/1"}],"replies":[{"embeddable":true,"href":"https:\/\/healthbionic.de\/index.php?rest_route=%2Fwp%2Fv2%2Fcomments&post=572"}],"version-history":[{"count":7,"href":"https:\/\/healthbionic.de\/index.php?rest_route=\/wp\/v2\/pages\/572\/revisions"}],"predecessor-version":[{"id":616,"href":"https:\/\/healthbionic.de\/index.php?rest_route=\/wp\/v2\/pages\/572\/revisions\/616"}],"wp:attachment":[{"href":"https:\/\/healthbionic.de\/index.php?rest_route=%2Fwp%2Fv2%2Fmedia&parent=572"}],"curies":[{"name":"wp","href":"https:\/\/api.w.org\/{rel}","templated":true}]}}